e 4*o - 5*b - 98 = 0, -p*b = 4*o - 69 - 13. What is the greatest common factor of c and o?
11
Let q = 188 - 121. Let g be q + (-2)/(-1 + -1). Suppose -4*r + 87 - 19 = 0. Calculate the highest common factor of g and r.
17
Let b(l) = -l**3 - 3*l**2 + 11 - 4*l - 3*l**2 - 2. Let z be b(-9). Calculate the highest common divisor of z and 32.
32
Let l = 40 + -23. What is the highest common factor of l and 136?
17
Let l(z) = -10*z + 6. Let r be l(-3). Calculate the greatest common divisor of 4 and r.
4
Let g(w) = -2*w - 1. Suppose 3*n = -5*d - 16, 0 = -3*d + 7*d + 8. Let c be g(n). Suppose -2 = -u + c. What is the greatest common divisor of u and 10?
5
Suppose -13*k + 27*k - 98 = 0. What is the greatest common divisor of 77 and k?
7
Let l = -6 - -8. Suppose -5*o = -8 - l. Let z = 1 + o. Calculate the highest common divisor of z and 3.
3
Let p = 4 + 10. Suppose 8 = f - 1. Let l = -2 + f. Calculate the greatest common factor of l and p.
7
Let a = -5 - -5. Suppose 2*z + 2*z = -r + 15, r + 1 = a. Let d be 0 - (2 - 14*1). What is the highest common factor of z and d?
4
Let w be 45/72 - (-3)/8. What is the greatest common divisor of 9 and w?
1
Suppose -4 = -2*t, -2*v - 3*v - t = -17. What is the greatest common divisor of 12 and v?
3
Let f(u) = -u + 14. Suppose 3*m + 2*r = 6*r + 3, 4*m - 2*r = 14. Let s be f(m). Let d = -3 + 6. Calculate the greatest common factor of d and s.
3
Suppose -5*u + 2*s = -0*u + 38, 4*u - 2*s + 32 = 0. Let x be (-4)/u - 49/(-3). Calculate the highest common divisor of 68 and x.
17
Suppose 80 = 4*i - 3*b, 9 + 51 = 3*i - b. Calculate the highest common divisor of i and 80.
20
Let m be (-2)/7 - 892/14. Let t = -34 - m. Let y be 20/(-2)*(36/20 - 3). What is the greatest common divisor of t and y?
6
Let h(t) = 4*t + t**2 - 1 + 4 + 0. Let c be h(-4). Let p = -18 - -42. Calculate the greatest common factor of p and c.
3
Suppose -4*m + d + d + 124 = 0, -112 = -4*m - d. Calculate the highest common divisor of 145 and m.
29
Let f = 37 - 17. Suppose 10 = -2*d - 0*d. Let o be 4/(((-5)/2)/d). What is the greatest common factor of f and o?
4
Let x(y) = 3*y**2 + 10*y + 19. Let j be x(-7). What is the greatest common divisor of 12 and j?
12
Let o(t) = -3*t + 1. Let x be o(2). Let c be ((-9)/x)/(9/30). Calculate the greatest common factor of 42 and c.
6
Suppose -31*m - 150 = -36*m. What is the highest common factor of 15 and m?
15
Suppose 0 = -0*b + b + 3*c - 14, 3*c = 2*b - 10. Let o = -118 - -71. Let l = o - -67. What is the highest common factor of b and l?
4
Let b = -13 + 23. What is the greatest common divisor of b and 25?
5
Suppose 67 = 4*d + b, 3*d + b - 15 = 36. What is the greatest common factor of 16 and d?
16
Let n be ((-200)/(-175))/((-2)/(-7)). Calculate the greatest common factor of n and 8.
4
Suppose 3*c = 5*u - 263, -143 = -4*u - 2*c + 63. What is the greatest common divisor of u and 4?
4
Let h(t) = t**3 + 8*t**2 + 5*t - 4. Let r be h(-7). Let f = -2 - -6. Suppose 45 + 55 = f*o. Calculate the highest common factor of o and r.
5
Suppose -30*l = -34*l + 264. Calculate the highest common divisor of l and 44.
22
Let y(v) = 5*v**2 - v**2 - 3*v**2. Let p be y(3). Let j(g) = 5*g**2 - g + 3. Let r be j(3). Calculate the highest common divisor of p and r.
9
Let v(w) = -w**2 - 14*w - 10. Let t be v(-10). Calculate the highest common divisor of 30 and t.
30
Let d = 12 - 5. What is the highest common factor of d and 35?
7
Suppose -4*d = 5*b - 101, 2*b - 26 = -0*b + 2*d. What is the highest common factor of b and 51?
17
Suppose 0 = 3*o - 7*o. Suppose o*q = -4*q + 48. Calculate the greatest common factor of 3 and q.
3
Let j(c) = -c + 1. Let s be (10/(-4))/(1/2). Let r be j(s). Suppose -5*b + 3*g = -129, 0 = 2*b - 2*g + 16 - 70. What is the greatest common divisor of r and b?
6
Suppose -292 = h - 3*h - 4*d, 0 = 3*h - d - 452. Calculate the highest common factor of h and 30.
30
Suppose -13*n = 4*n - 4131. What is the highest common factor of 27 and n?
27
Let j = 70 - 55. Calculate the greatest common divisor of 5 and j.
5
Let s be 0*(2 - (-1 + 2)). Let y(a) = -2*a + 48. Let h be y(s). Calculate the highest common divisor of h and 16.
16
Let r(m) = -m**3 + 7*m**2 + 2*m - 13. Let c be r(6). What is the greatest common divisor of c and 140?
35
Let x = 226 + -220. Let o = 5 - 3. What is the highest common factor of o and x?
2
Let u be -2*15/(-1)*30/90. Let v(i) = -i**2 - 3*i + 5. Let l be v(-4). Let n = l - -14. Calculate the greatest common divisor of n and u.
5
Let q(y) = y**3 + 5*y**2 + 4*y + 4. Let u be q(-3). Suppose 0 = -4*d - 2*g + 202, -4*g + 8*g - 254 = -5*d. Calculate the greatest common divisor of u and d.
10
Suppose 6*o - 4*o = 22. Let v be (-1)/(1/(-43)) - -1. Calculate the highest common divisor of o and v.
11
Let i(f) = f**2 - 2. Let z be i(-2). Suppose 4 = -2*b, o - 17 = z*b + 8. Let y be 6/o - (-2199)/21. What is the highest common factor of 21 and y?
21
Let l(c) = c + 0*c**2 + 2 - 11 + c - c**2. Let x be l(9). Let h = 104 + x. What is the greatest common factor of h and 48?
16
Let m = -2 - -4. Suppose -m*r - 11 - 28 = -k, -5*k - 4*r + 167 = 0. Calculate the highest common divisor of 5 and k.
5
Suppose -7*z + 336 = -3*z. Suppose 0*b = 4*b - z. What is the highest common factor of 3 and b?
3
Let a(o) = 10*o**2 - 2*o + 2. Let v be a(3). Suppose 3*s + v + 22 = 0. Let j = s - -60. Calculate the greatest common factor of j and 192.
24
Suppose 0*s = -4*s + 8. Let k = 4 + s. Suppose -z + k*c - 10 = 2*c, 4*z = 4*c + 20. What is the greatest common factor of z and 30?
10
Let w(k) = k**3 - 7*k**2 + 12*k + 6. Let h be w(7). What is the highest common factor of 54 and h?
18
Let i(t) = -t**3 + 5*t**2 + 8*t. Let w be i(6). Calculate the greatest common factor of w and 84.
12
Suppose 0*i = -2*i + 5*b + 74, 0 = -2*i + b + 82. Let h(v) = v - 5. Let k be h(6). Let q be 30 + 2*k/(-1). Calculate the greatest common factor of i and q.
14
Let f(g) = 3*g**2 - 5*g. Let z = 9 + -4. Let i be f(z). Calculate the highest common factor of 10 and i.
10
Suppose y - 4*y = 45. Let j be 1/((-2)/y)*12. What is the greatest common divisor of 10 and j?
10
Let b be 22/(-33) + 244/6. Let q = 16 - -10. Let k = q + -10. What is the highest common factor of b and k?
8
Suppose 0 = -2*b - 4*m - 18, -3*b + 5*m - 10 = -38. Let y(p) = p - 2. Let q be y(7). Suppose 5*r - q = -0*r. Calculate the highest common divisor of b and r.
1
Let k = 296 - 208. Calculate the greatest common divisor of 8 and k.
8
Suppose -5*l + 21 = 1, 4*b + 4*l = 56. Let m = b - -8. Calculate the greatest common factor of 72 and m.
18
Let h = -548 + 836. What is the greatest common factor of h and 18?
18
Suppose 0*w - 5*w + 3*u = -199, 4*w - u = 162. Calculate the highest common divisor of w and 451.
41
Suppose 0*j = 4*j - 88. What is the greatest common factor of j and 11?
11
Suppose 0 = -4*r + 3 + 1, 2*s - 5*r = 27. Suppose 0 = 5*b - 2*b - 48. What is the greatest common factor of b and s?
16
Let x = -4 - -6. Suppose x*p - p - 4 = 0. Suppose 10 = -w - p*r, 3*w - 3*r - 12 = -r. Calculate the greatest common factor of w and 5.
1
Let u be (-2 - -3)*10/2. Let t = 2 - u. Let m = 2 - t. What is the greatest common factor of 40 and m?
5
Suppose -h = -5*h + 132. Calculate the highest common factor of 11 and h.
11
Let p be (4 - 2)/((-10)/(-425)). Suppose 102 = -o + 4*o. Calculate the greatest common factor of p and o.
17
Let h be 20/(-6)*-12*1. Suppose 3*f - 28 = b, 3*f - 2*b - 2*b - h = 0. Calculate the greatest common factor of 2 and f.
2
Let l(m) = -m**3 - 5*m**2 - m + 3. Let v be l(-6). What is the greatest common divisor of v and 105?
15
Let l(k) = k**3 - 6*k**2 + 2*k - 6. Let u be l(6). Suppose 5*x - 3 = 17. Calculate the highest common factor of x and u.
2
Let b = -121 - -74. Let h = b - -25. Let f = h + 72. Calculate the highest common factor of f and 10.
10
Let a = 19 + -6. Calculate the highest common divisor of a and 65.
13
Suppose 0 = -3*s + 2*h - 3*h + 157, -2*s + 93 = 3*h. Calculate the highest common divisor of s and 27.
27
Suppose 7 - 1 = 3*a. Let f(i) = 6*i**2 - 6 + 5*i + i**2 + 0*i**a. Let x be f(4). What is the highest common factor of 14 and x?
14
Let s = 2 + -5. Let p be (s*7 + -1)/(-2). Calculate the greatest common factor of 11 and p.
11
Let x(z) = 3*z**3 - 5*z**2 + 3*z - 3. Let m be x(4).